
False
Is 1015429 a composite number?
True
Is 110779927 a composite number?
False
Is 118664191 composite?
True
Is 4159823 composite?
True
Is 18760069 a prime number?
True
Is 129386819 prime?
True
Is 3337271 prime?
False
Is 126361297 a prime number?
True
Is 2062481 a prime number?
False
Is 2141137 a composite number?
True
Is 238563859 a composite number?
False
Is 3201719 composite?
False
Is 9656923 a composite number?
True
Is 115868339 a composite number?
False
Is 2221733 a composite number?
False
Is 9031427 a prime number?
True
Is 72056858 prime?
False
Is 86962318 composite?
True
Is 1680913997 composite?
True
Is 43108997 a prime number?
True
Is 35522587 a composite number?
True
Is 16795213 prime?
True
Is 68455535 a prime number?
False
Is 7146406 a prime number?
False
Is 3731731 prime?
True
Is 827119 composite?
True
Is 11245973 a prime number?
True
Is 4018643 prime?
True
Is 208843 composite?
False
Is 15618049 prime?
True
Is 576613 a composite number?
False
Is 75673261 composite?
False
Is 416574217 prime?
False
Is 196085221 a composite number?
True
Is 171661097 a prime number?
True
Is 3329363 prime?
True
Is 345000571 a composite number?
True
Is 599927 prime?
True
Is 5780587 composite?
False
Is 47925041 prime?
True
Is 6848723 prime?
False
Is 98663 a composite number?
False
Is 124623523 a prime number?
True
Is 10961069 prime?
False
Is 9709891 a composite number?
False
Is 2387111 prime?
True
Is 379755131 a composite number?
True
Is 671815373 a prime number?
True
Is 218423941 a prime number?
True
Is 761291 composite?
False
Is 378127 composite?
False
Is 8736989 a prime number?
True
Is 465007 composite?
False
Is 62426099 prime?
True
Is 11888587 a prime number?
True
Is 4707562 composite?
True
Is 27132751 prime?
False
Is 123373793 a prime number?
True
Is 1468387 a composite number?
False
Is 104625943 a composite number?
True
Is 1011588299 a composite number?
False
Is 2242111 a prime number?
True
Is 1793569 a prime number?
True
Is 65148563 a composite number?
True
Is 2642711 prime?
False
Is 36576769 composite?
False
Is 618516169 composite?
False
Is 239033897 prime?
True
Is 3365087 a composite number?
True
Is 893587 a composite number?
True
Is 404826951 prime?
False
Is 1489661 a composite number?
False
Is 7123579 prime?
True
Is 36913 composite?
False
Is 44383109 prime?
True
Is 314350427 prime?
True
Is 1138463 a composite number?
True
Is 9537497 a composite number?
True
Is 1638293 prime?
False
Is 595147 composite?
True
Is 4121207 prime?
False
Is 1882781 composite?
False
Is 49754299 prime?
False
Is 10089451 a composite number?
True
Is 215695783 composite?
True
Is 3920359 a prime number?
True
Is 4296263 prime?
False
Is 5699549 composite?
True
Is 7041817 composite?
False
Is 298962887 a prime number?
True
Is 16538279 a prime number?
False
Is 44099801 a composite number?
False
Is 306490307 a prime number?
False
Is 13276369 prime?
True
Is 604080457 a composite number?
False
Is 847307 prime?
False
Is 382348709 a composite number?
True
Is 75249451 prime?
True
Is 21684557 a prime number?
True
Is 1556473763 prime?
False
Is 42101021 a composite number?
False
Is 27539549 a prime number?
True
Is 475669 a composite number?
False
Is 238614131 composite?
True
Is 2084827 a prime number?
False
Is 35932643 prime?
True
Is 14539849 a composite number?
True
Is 10166099 a composite number?
False
Is 99668717 a composite number?
True
Is 24109837 composite?
False
Is 614527 a prime number?
True
Is 207914309 composite?
False
Is 19003993 a prime number?
False
Is 413485153 a prime number?
False
Is 10020233 a composite number?
True
Is 17673853 prime?
False
Is 3091811 a composite number?
False
Is 18255889 composite?
False
Is 54014801 prime?
True
Is 4886689 prime?
True
Is 976333 prime?
False
Is 664087 composite?
True
Is 1875791 prime?
False
Is 8130235 prime?
False
Is 3537967 prime?
False
Is 20760307 prime?
True
Is 29342759 composite?
False
Is 23592017 prime?
True
Is 1770911 composite?
False
Is 545481403 prime?
False
Is 135199 composite?
True
Is 9565195 a composite number?
True
Is 43364317 prime?
True
Is 2788921 composite?
True
Is 40137121 a composite number?
False
Is 37325219 prime?
True
Is 896069 composite?
False
Is 14207179 prime?
False
Is 209568223 a prime number?
True
Is 1214519 prime?
True
Is 9415727 composite?
True
Is 4882207 a composite number?
True
Is 12981151 prime?
True
Is 56649427 a composite number?
False
Is 3758413 prime?
True
Is 723572319 a prime number?
False
Is 52109117 composite?
False
Is 1170311 a prime number?
True
Is 8182049 prime?
False
Is 10067471 a composite number?
False
Is 53244259 a composite number?
False
Is 61682947 a prime number?
False
Is 2779859 prime?
True
Is 27920389 a prime number?
False
Is 94106071 a composite number?
True
Is 66409981 a composite number?
True
Is 421051 a prime number?
False
Is 320678161 prime?
False
Is 3020599 a composite number?
False
Is 78231203 composite?
False
Is 43470397 a composite number?
False
Is 749647 prime?
False
Is 9394519 a prime number?
False
Is 78512437 composite?
False
Is 101646547 prime?
False
Is 98710259 a composite number?
False
Is 155530099 a composite number?
False
Is 111212033 prime?
False
Is 100853239 composite?
False
Is 96647867 a prime number?
True
Is 140829407 a prime number?
True
Is 702276247 prime?
True
Is 6375939 a composite number?
True
Is 42170771 composite?
True
Is 166979777 composite?
True
Is 4332697 a composite number?
True
Is 264234331 composite?
False
Is 8583203 composite?
False
Is 5676617 prime?
True
Is 9397637 composite?
True
Is 15872919 composite?
True
Is 13422245 prime?
False
Is 344907077 a prime number?
True
Is 673487 a composite number?
False
Is 92254355 composite?
True
Is 235262021 a prime number?
False
Is 930553315 prime?
False
Is 12690259 prime?
True
Is 13194393 composite?
True
Is 10837223 a prime number?
True
Is 63425309 a prime number?
True
Is 107560069 a prime number?
True
Is 4479667 a prime number?
True
Is 14806367 a prime number?
False
Is 2506253 prime?
True
Is 2335667 a prime number?
True
Is 377911 prime?
True
Is 1564469 composite?
True
Is 69275023 composite?
False
Is 17506109 prime?
False
Is 4042013 prime?
False
Is 2065489 prime?
True
Is 62395973 a prime number?
False
Is 2679541 composite?
False
Is 3062359 composite?
False
Is 19453267 prime?
False
Is 10429633 composite?
False
Is 397610137 prime?
False
Is 121910083 prime?
True
Is 351257 composite?
False
Is 297443 prime?
False
Is 30839251 prime?
False
Is 56058421 a prime number?
False
Is 3667289 composite?
False
Is 7327079 prime?
False
Is 124060693 a composite number?
False
Is 21834853 prime?
False
Is 4852171 composite?
False
Is 138263537 prime?
True
Is 67546733 prime?
True
Is 7512299 a prime number?
False
Is 277597 a composite number?
False
Is 56572183 a composite number?
False
Is 566303 prime?
False
Is 47833 a prime number?
False
Is 1680191 a composite number?
False
Is 8477177 prime?
False
Is 588186067 prime?
False
Is 4941943 a prime number?
True
Is 135714791 a composite number?
True
Is 7832443 a prime number?
False
Is 584498 a prime number?
False
Is 4721011 a composite number?
False
Is 200661277 prime?
False
Is 30597851 composite?
False
Is 18175613 prime?
False
Is 45826507 prime?
True
Is 447611431 a prime number?
True
Is 335591 prime?
True
Is 136156687 composite?
False
Is 27570911 composite?
True
Is 97205447 a prime number?
False
Is 51317299 composite?
True
Is 592439 prime?
False
Is 4748677 a composite number?
True
Is 49777253 composite?
True
Is 30257371 a prime number?
True
Is 160383935 composite?
True
Is 105853477 a composite number?
True
Is 33903451 a composite number?
False
Is 28155529 prime?
True
Is 12044159 prime?
True
Is 462613726 a prime number?
False
Is 64297439 composite?
False
Is 196082893 prime?
False
Is 14272481 a prime number?
True
Is 60603139 composite?
False
Is 11558527 a composite number?
False
Is 68711 a prime number?
True
Is 232882187 prime?
True
Is 61997251 a prime number?
False
Is 4073281 a composite number?
True
Is 23331027 prime?
False
Is 482439223 prime?
False
Is 308747 composite?
True
Is 10659349 prime?
True
Is 2521117 a prime number?
False
Is 23050187 composite?
False
Is 90239351 a prime number?
True
Is 58366471 a prime number?
False
Is 7387411 composite?
False
Is 68364251 a prime number?
True
Is 95426911